Calculate the greatest common factor of u and 49.
49
Let o be 6/(-21) + ((-104)/28 - -5). Suppose 0 = 2*u + 3*g + 6, -5*g - 16 + 5 = 3*u. Calculate the greatest common divisor of o and u.
1
Let q(f) = 15*f - 31. Let m be q(5). Let j be 11/m - (-454)/8 - 1. Suppose 5*w = w + j. What is the greatest common factor of 56 and w?
14
Let w(h) be the second derivative of h**4/12 + 2*h**3/3 - 23*h**2/2 + 3*h - 8. Let z be w(7). What is the greatest common factor of 162 and z?
54
Let w be (-3807)/(-18)*(2 - 8/3). Let j be 100/90*w*6/(-5). What is the highest common factor of 141 and j?
47
Let q = -3677 - -6119. What is the greatest common divisor of 198 and q?
66
Suppose 0*y - 41 = -3*y - 4*i, 10*y - 3*i = 251. Let q be (-69)/12*(3 - 155). Calculate the greatest common factor of q and y.
23
Let l = 26 - -46. Let b be (227 - 187)/((-5)/(-6)). What is the greatest common factor of b and l?
24
Let f = 9 - -3. Let u be 6*-4*(-2)/f. Suppose 969*m - 48 = 965*m. What is the greatest common factor of m and u?
4
Let s = 170 + 50. Suppose 16*y = 11*y + s. What is the greatest common factor of 572 and y?
44
Let d be 2/(-12)*-2*15. Suppose 0 = 94*j - 98*j + 3*b + 20, -3*b - 8 = 2*j. What is the greatest common divisor of j and d?
1
Let q(h) = -25*h + 1522. Let l be q(60). What is the highest common factor of 231 and l?
11
Let k = 361 + -209. Let c(z) = 3*z - 9. Let t be c(9). Let v(u) = 6*u - 89. Let n be v(t). What is the highest common factor of n and k?
19
Let o(z) = 17*z**2 + 90*z + 100. Let p be o(-9). Calculate the greatest common factor of 253 and p.
23
Suppose 5*k - 9*k = 36. Let u = k + 9. Suppose -g + 4 = x + g, u = -4*g. Calculate the highest common factor of x and 6.
2
Suppose -44 - 271 = -5*a. Let p = a - 60. Let h be (1 - 3)*(-84)/8. Calculate the greatest common divisor of h and p.
3
Let s = 51 - 56. Let f = -21 - -32. Let t = f - s. Calculate the highest common divisor of t and 80.
16
Suppose -20*n - 13*n + 12*n + 18522 = 0. Calculate the greatest common factor of 54 and n.
18
Let x = 5642 + -5625. Calculate the greatest common factor of x and 6137.
17
Suppose -14 = 5*q - 19. Let m(d) = 20*d**3 - d. Let k be m(q). Suppose -13*t - 760 = -18*t. What is the greatest common factor of k and t?
19
Let y be (0 - (-1748)/(-69))*-3. Suppose 0*w + 202 = r + 3*w, -392 = -2*r - 3*w. Calculate the greatest common divisor of y and r.
38
Suppose -2*j + 785 = v, -v + 1955 = -85*j + 90*j. Calculate the greatest common factor of 60 and j.
30
Let v = 224 + -178. What is the greatest common factor of v and 5474?
46
Suppose 0 = 3*h + 5*b - 155, -79 + 18 = -h + 3*b. Let v = 60 - h. Let k be ((-50)/(-2 + 0))/1. What is the highest common divisor of v and k?
5
Suppose -29*t + 8820 = 13*t + 18*t. Calculate the greatest common divisor of t and 1323.
147
Let a = 33949 - 10692. Suppose a = 17*z + 9028. What is the highest common factor of 27 and z?
27
Suppose -8*b - 5 = -9*b. Suppose -3*v - b = -i - 14, 0 = 5*v + 10. Let g = i + 41. What is the greatest common factor of g and 52?
26
Let h = -1 + 7. Let w be (-8352)/(-60) - ((-24)/20)/(-1). What is the highest common divisor of w and h?
6
Let p(j) = j**2 - 4*j + 29. Let b be p(4). Suppose -11 = -a + 18. What is the greatest common divisor of a and b?
29
Let m = 1185 - 1132. Suppose 5*v = 4*v + 689. What is the highest common divisor of v and m?
53
Suppose 107*p + 16059 = 3*s + 108*p, 3*p + 10706 = 2*s. What is the greatest common factor of s and 106?
53
Suppose -q = p + 6, -p = -4*q - 2 - 12. Let r(b) = -4*b + 48. Let l be r(q). Calculate the greatest common divisor of 48 and l.
16
Let i(c) = 6*c**2 + 6*c + 9. Let t(r) = 9*r**2 + 9*r + 14. Let v(b) = 8*i(b) - 5*t(b). Let g be v(-1). What is the highest common divisor of g and 46?
2
Suppose -1163*y = -1179*y + 2288. What is the greatest common factor of y and 33?
11
Let a be 236/(-96)*6*-12. Calculate the greatest common divisor of a and 55047.
177
Suppose -8645 = -913*d + 26962. Suppose -3*c = -8*c + 3705. What is the highest common divisor of d and c?
39
Let x be (-2)/(-10) - 132/(-15). Let h(p) = -35*p**2 - 1. Let b be h(-1). Let l be (b/(-8))/1*6/9. What is the greatest common divisor of x and l?
3
Let o = 26 + -65. Suppose -2*u + 5*h + 85 = 0, u + 270 = 2*h + 312. Let p = u + o. What is the highest common divisor of 4 and p?
1
Let g(z) = 328*z - 89. Let w be g(8). Calculate the highest common divisor of 13 and w.
13
Suppose 0 = 2*d + w + 23, -3*w - 15 = 2*w. Let f be (32/10)/((-1)/d). Let n be (32/(-6))/((-11)/99). Calculate the greatest common factor of n and f.
16
Suppose 0 = -14*z + z + 26. Let c(d) = -2*d**3 + 3*d**2 + 3*d. Let r be c(z). What is the greatest common divisor of 46 and r?
2
Suppose -4*r = -27 + 99. Let i be 5688/14 - (468/(-91))/r. Calculate the highest common divisor of i and 116.
58
Suppose -7*s + 11*s - 316 = -2*u, -4*s + 3*u + 366 = 0. Suppose -3*f = f - 672. Calculate the highest common factor of s and f.
84
Suppose -5513 = 18*g - 5537 - 33942. Calculate the greatest common factor of g and 222.
111
Let d be ((-573)/22 + (-27)/(-594))/(1/(-18)). Calculate the highest common divisor of d and 2886.
78
Suppose 5*w - 3*o = 40, -5*o = -w - w + 35. Let d be 2 + 283/w - (-24)/60. Calculate the greatest common divisor of 531 and d.
59
Let p be (4/(-9))/(14/(-63)). Suppose -n = -z - 16, 0*n + p*z + 77 = 5*n. Calculate the highest common factor of 24 and n.
3
Let q(f) = 15*f**2 + 68*f - 8. Let o be q(-6). Let h = 658 - 348. What is the greatest common factor of h and o?
62
Suppose 25068*d - 25089*d + 172956 = 0. What is the highest common factor of 142 and d?
142
Suppose 16*g - 41 = 172 - 101. What is the greatest common divisor of g and 8631?
7
Suppose 412*s - 2 = 411*s. Suppose 3*c = s*n + 91 + 181, 0 = -4*c + 4*n + 360. What is the highest common divisor of 4 and c?
4
Let h be 2 - 46*1*2/4. Let u = h + 21. Suppose u = -4*j + 4*s + 372, -100 = 4*j + 4*s - 448. Calculate the greatest common factor of 30 and j.
30
Let g be -1 + (-38)/(-34) - (-13)/((-442)/(-3396)). What is the highest common factor of g and 29300?
100
Let x(s) = s**3 + 10*s**2 + 22*s + 36. Let f be x(-7). Suppose b + 6 - f = 4*v, -3*b = 5*v - 86. What is the highest common divisor of 243 and b?
27
Let l(m) = -76*m - 2520. Let v be l(-36). Calculate the greatest common factor of v and 114.
6
Suppose 2*t = l - 2*t - 16, -3*l + 5*t = -20. Suppose -24*f + 463 + 713 = l. Calculate the highest common divisor of f and 7.
7
Let z(i) = -11*i**3 - i**2 - 6*i - 7. Let r be z(-1). What is the highest common divisor of r and 384?
3
Let c(j) = j**3 - 20*j**2 - 21*j + 3. Let k be c(21). Suppose 0 = 4*o + 2*i - 16, 2*o + k*o - 33 = 4*i. Calculate the highest common divisor of 4 and o.
1
Suppose 3*a - 11 - 7 = 0. Suppose 18 = -3*o + 30. Suppose -48 = -4*s + 5*l, -s + o*l + 8 = -4. Calculate the highest common divisor of a and s.
6
Suppose 5*m + u = m + 84, -m = u - 18. What is the highest common factor of m and 1067?
11
Let f be 15 + (261/(-21) - 33/(-77)). What is the highest common divisor of 5223 and f?
3
Suppose -u - 2*q + 133 = 0, -22*u = -24*u + 3*q + 273. Calculate the greatest common factor of u and 1695.
15
Suppose 1020 = k + 4*s, -5*k - 1257 = -3*s - 6288. Let c = k + -568. Calculate the greatest common divisor of c and 22.
22
Let t = -4 + 6. Suppose -6*w + 3*s = -w - 89, -t*w + 40 = s. Let j = -2342 + 2513. Calculate the highest common factor of w and j.
19
Suppose 0 = 6*s + 5*p - 205, 85 = 2*s + 5*p - 0*p. Calculate the highest common factor of s and 2628.
6
Let p be 1/((-3)/2)*-105. Let v = 579 - 589. Let c be v/(15*(-4)/168). What is the highest common divisor of c and p?
14
Let x = -530 + 1427. Calculate the greatest common factor of x and 276.
69
Let f be 739889/1147 + 4/(-372)*6. Calculate the greatest common divisor of 60 and f.
15
Suppose 2*h - 51 = 3*r, -15*r = -13*r + 14. Calculate the greatest common factor of 61440 and h.
15
Let r be (0 - -2)*((-7756)/(-8) - 15). What is the greatest common factor of 581 and r?
83
Let h be (6 - -755) + 44 + -28. What is the greatest common factor of h and 294?
21
Suppose -1 + 5 = 2*m. Suppose 2*i - m*t - 32 = 0, t = i + 5*t - 1. Let r(z) = -2*z + 28. Let o be r(i). Calculate the greatest common divisor of o and 16.
2
Suppose 0 = 4*f - 3*d + 12 - 137,